n c(-1) is divided by 19.
16
Let j be ((-12)/(-42) - (-16)/42)*57. Let l = j - 21. Calculate the remainder when l is divided by 5.
2
Let v(m) = -m**2 + 14*m + 30. Let c = 52 - 37. Calculate the remainder when 27 is divided by v(c).
12
Suppose -2*t + 2*v + 114 = 0, -6*t - 2*v = -t - 250. Let z = -11 - -76. Calculate the remainder when (-8)/t - (-985)/z is divided by 4.
3
Let q = -117 + 130. Suppose 5*u + 7 - 582 = 0. Calculate the remainder when u is divided by q.
11
Suppose 8*m - 15 = 5*m. Suppose 0 = m*o - 66 - 29. Calculate the remainder when o is divided by 7.
5
Suppose 6*o = -4*o + 690. What is the remainder when o is divided by 5?
4
Suppose -12*a = -8*a + 4*s - 652, -2*a - 5*s = -338. What is the remainder when a is divided by 82?
77
Let p(n) = -15*n + 1. Suppose -9*t + 564 = 23*t - 44. Calculate the remainder when p(-2) is divided by t.
12
Suppose -2*n + 6 = 0, 3*i + n + 642 = -4*n. What is the remainder when 1*2*i/(-6) is divided by 19?
16
Suppose -5*t + 34 - 1 = 3*v, 5*v = t + 55. Suppose 2*q = v*q - 288. Calculate the remainder when q is divided by 17.
15
Let f(k) = -4*k. Suppose -4*q - 12 - 4 = 0. Suppose -5*v + 3*v + 90 = 0. Calculate the remainder when v is divided by f(q).
13
Let t = 26 - 25. Let x(m) = 22*m**3 + 2*m - 1. Calculate the remainder when 45 is divided by x(t).
22
Let f be 30*((-8)/10)/(-2). Let h = 5 - f. Let v = 21 + h. What is the remainder when 40 is divided by v?
12
Let s be -2 - (-3 + 1 + 0). Suppose -3*z + s*z = -174. Calculate the remainder when z is divided by 15.
13
Suppose -3*c = -9*c + 114. Let u = -6 + c. Let h = 75 - 51. Calculate the remainder when h is divided by u.
11
Let s = -247 - -417. Let t = s + -111. What is the remainder when t is divided by 32?
27
Suppose -27*l = -32*l + 295. What is the remainder when 283 is divided by l?
47
Suppose 5*n - 60 = -g, 4*g - 24 = -13*n + 11*n. Calculate the remainder when 4/(-2) - 36/(-1) is divided by n.
10
Let d = 851 + -814. Calculate the remainder when 1033 is divided by d.
34
Suppose -4*z - g = -10, z = -2*g + g + 4. What is the remainder when 1 - 7*(-3 + 2) is divided by z?
0
Let n = -91 - 6. Let j = 168 + n. Calculate the remainder when j is divided by (-2)/(4/(-50)) - 1.
23
Let g(a) = -7*a + 7*a**2 + 2 + 3*a - 2*a**2. Let i be g(2). Suppose -4*t - 3*w = -0*w + 5, 2*t - i = 4*w. Calculate the remainder when t is divided by 1.
0
Suppose 0*l + 3*l = 15. Let t = 10 + -4. Calculate the remainder when 15 - 0 - t/3 is divided by l.
3
Suppose -6 = -p + 8. Let g(x) = -x**3 + 13*x**2 + 13*x + 18. Let b be g(p). Suppose b*o - 45 = -1. What is the remainder when 40 is divided by o?
7
Suppose 7*u - 2*u = -5*x - 15, -u - 2*x - 5 = 0. Calculate the remainder when 53 is divided by (-1*(7 - u))/(38/(-133)).
25
Let g = 1099 - 831. Calculate the remainder when g is divided by 76.
40
Suppose -2*g = h - 175, -4*g + 11 = 3. What is the remainder when h is divided by 78?
15
Suppose -3*c + 4*c = 66. Suppose c*o + 54 = 68*o. Calculate the remainder when 77 is divided by o.
23
Let y(u) = 66*u - 235. What is the remainder when 364 is divided by y(5)?
79
Suppose 0 = -4*m - 5*j + 183, 2*m - 97 = 2*j + j. Calculate the remainder when m is divided by 25.
22
Suppose -36 = -4*b + 2*x - 4, -3*b = -x - 26. Let a = b - -2. What is the remainder when 44 is divided by a?
8
Let b(m) be the first derivative of -1/2*m**2 + 37/4*m**4 + 1/3*m**3 + 7 + 0*m. Calculate the remainder when b(1) is divided by 13.
11
Let s = 435 - 372. What is the remainder when 187 is divided by s?
61
Let f = 17 - -32. Suppose -80*c - f = -81*c. Calculate the remainder when c is divided by 13.
10
Let v be -1 - ((-1)/(-3) + (-705)/9). Suppose -n + 74 = 4*n - 2*j, v = 5*n - j. Calculate the remainder when 39 is divided by n.
7
Let o = 160 + -230. Let c = o + 83. Calculate the remainder when 153 is divided by c.
10
Let q = -20 + 29. Let o(n) = 6*n - 62. Let d be o(-22). Let k = d - -209. Calculate the remainder when k is divided by q.
6
Calculate the remainder when 11 is divided by (-9 + -1)/(2 - (-27)/(-6)).
3
Let k = 170 - 105. Suppose -2*a + k = 3*a. What is the remainder when 25 is divided by a?
12
Let s = 10 - 7. Suppose -4 = -s*g + 5. Suppose g*b - 20 = 7. What is the remainder when 25 is divided by b?
7
Let n = -1660 + 1724. Calculate the remainder when 230 is divided by n.
38
Let z be (0 - (-1 - 2)) + 1. Let y(v) = -v**2 - 12*v. Let i be y(-10). Suppose z*m - 12 = i. What is the remainder when m is divided by 5?
3
Suppose 2*i + 1 = 1. Calculate the remainder when 53 is divided by (-1 - -2) + (-65)/(i - 5).
11
Suppose -5*w - 22 = -4*w. Calculate the remainder when (-1)/((-86)/w - 4) is divided by 5.
1
Let v be 12*2*6/8. Suppose 0 = -a + v + 3. What is the remainder when (5 - -4)*a/9 is divided by 6?
3
Suppose 3*g + 289 = 4*o, 2*o + 3*g = 33 + 98. Suppose 5*m + 85 = 4*r, 5*r - 4*m = -5*m + o. Let v = 88 + -46. Calculate the remainder when v is divided by r.
12
Calculate the remainder when 20*9*3/18 is divided by 9.
3
Suppose p + 2 = -v - 2*v, 0 = 4*p + 20. Calculate the remainder when 0 - 1*5*1/(-5) is divided by v.
0
Let s(b) = -b**2 + 9*b - 5. Let k(t) = 4*t**2 - 58*t - 28. Calculate the remainder when s(7) is divided by k(15).
1
Calculate the remainder when (63/6)/((-2167)/440 - -5) is divided by (94/(-4))/((-3)/6).
46
Calculate the remainder when 5816/280*7 + (-6)/(-10) is divided by 40.
26
What is the remainder when (-6 - (-8 - 2)) + 32 is divided by 15?
6
Suppose -2*t - 42 = -66. Calculate the remainder when 226 is divided by t.
10
Let j be (-2)/(-7) + 198/42. Suppose y = -5*v + 57, j*y + 39 = 4*v - 24. What is the remainder when 34 is divided by v?
10
Suppose 4*r + r - 110 = 2*w, -r = -2*w - 30. Calculate the remainder when r is divided by 14.
6
Let o(j) = 3*j**3 - j**2 - 4*j + 1. Let t(i) = -3*i**2 + 26*i. What is the remainder when o(3) is divided by t(8)?
13
Let s(c) = 88*c - 22. Calculate the remainder when 196 is divided by s(1).
64
Suppose -31 - 5 = -4*p. Let w = p - 10. Let l = w + 16. Calculate the remainder when l is divided by 8.
7
Suppose -480 = -8133*r + 8121*r. Calculate the remainder when 70 is divided by r.
30
Suppose -73*l + 80*l - 420 = 0. Calculate the remainder when l is divided by 27.
6
Suppose 3*j - 11 = -11. Suppose j = 5*b - 66 - 4. What is the remainder when 1*-1*-1 + 25 is divided by b?
12
Suppose -47*f = -46*f - 39. Calculate the remainder when 186 is divided by (f - 1)*1*7/7.
34
Let m = -27 - -61. Let o(l) = -24 - 5 + 62*l - 30*l. What is the remainder when o(4) is divided by m?
31
Let m(i) = 4*i**2 - 31*i + 46. Calculate the remainder when m(13) is divided by 32.
31
Let t = -17 - -20. Suppose t*s = 211 + 80. Let x = 76 - 43. Calculate the remainder when s is divided by x.
31
Let l = 107 + -6. Let f = -47 - -73. What is the remainder when l is divided by f?
23
Let v be ((-2)/4)/((-14)/2716). Let h = v + -82. Suppose -c - 26 = -5*s, 0 = -2*s + 2*c - 5*c + 24. Calculate the remainder when h is divided by s.
3
Let f = -44 - -23. Let d = -19 - f. Suppose -c - o + 20 = 0, d*c + 20 = 3*c - o. What is the remainder when c is divided by 11?
9
Let z(x) = x + 3. Let y be z(0). Suppose 3*h + 333 - 135 = 5*b, 0 = -y*b - 5*h + 146. Let v = 27 + b. Calculate the remainder when v is divided by 24.
21
Let f(p) = -24*p**3. Let s(h) = h**2 + 7*h - 1. Suppose 0 = -3*b + 2*b - 8. What is the remainder when f(-1) is divided by s(b)?
3
Let a(x) = -x**2 + 21*x - 4. What is the remainder when 145 is divided by a(18)?
45
Let y = 53 - 53. Let r(j) = j**3 - 2*j**2 + 1. Let x be r(1). Suppose -i - 3*k + 4 + 2 = y, 4*k + 4 = x. Calculate the remainder when 26 is divided by i.
8
Suppose 3*d - 101 + 47 = 0. Suppose 4*x = 3*b - 49, 0 = -b + 2*x - 3*x + 21. What is the remainder when (-320)/(-6) + 12/d is divided by b?
16
Let i be -2 + (-2)/(-4)*14. Suppose 0 = 2*l + 3*x - 32, l + i*x + 55 = 6*l. What is the remainder when 23 is divided by l?
10
Suppose -j - 5*m - 24 = -8, 46 = 4*j - 2*m. What is the remainder when 23 is divided by j?
5
Suppose 0 = -5*i + 2*p + 2690 - 514, -5*i - 4*p = -2188. Calculate the remainder when i is divided by 88.
84
Let w(z) = -19*z - 79. Calculate the remainder when w(-14) is divided by 55.
22
Suppose 0 = 5*s - 2*s + 60. Let y = 12 - s. Suppose 0 = -3*k + 2*q + 18 + 5, 60 = 5*k + q. C